(u) = u**3 + 9*u**2 + u + 3. Let w = 2 - 6. Let s(m) = w*t(m) + 5*d(m). Let q = 11 + -16. Give s(q).
-6
Let u be (-1 + 0)*4*1. Let r(n) be the second derivative of -6*n + 0 + 5/6*n**3 + 1/12*n**4 + 3/2*n**2. What is r(u)?
-1
Suppose 7 + 25 = -8*u. Let k(h) = -h**3 - 5*h**2 - 3*h + 1. Give k(u).
-3
Suppose 4*o + 0 - 40 = -4*p, -5*p - 3*o = -40. Suppose 5*h = p*b - 30, 2*h + 3*h + 20 = 0. Let w(x) = -2 + 5*x**b - 8*x + 7*x - 4*x**2. Determine w(0).
-2
Let z be 1/2 - 30/(-4). Suppose -5*p + 10*p = 2*o - z, 3*o + 7 = -2*p. Let m(c) = 4*c + 6. Let r(v) = 3*v + 5. Let l(t) = 4*m(t) - 5*r(t). Determine l(p).
-3
Let g(z) = 11*z**2 - z. Let j = 14 - 9. Suppose j = 2*k + 3. Determine g(k).
10
Suppose -1 = y - 2. Let h(c) be the third derivative of c**4/8 - c**3/6 + 6*c**2. Calculate h(y).
2
Let i(o) be the third derivative of -o**4/24 - 2*o**3/3 + o**2. What is i(4)?
-8
Let u(r) be the third derivative of -r**7/2520 - r**6/360 + r**5/10 + 9*r**2. Let c(n) be the third derivative of u(n). Calculate c(-2).
2
Let x be (-49)/14*4*6/(-21). Let f(r) = 3*r. What is f(x)?
12
Suppose 3*a = 5*a - 14. Let m(s) = -5 - 3 - s + a. Give m(1).
-2
Let n be (-13)/(-5) + (-15)/25. Let k(a) be the second derivative of -2*a + 0 + 1/3*a**3 + 2*a**n. What is k(-3)?
-2
Let i = -35 + 41. Let u(p) = 2*p - 8. Determine u(i).
4
Let k = -1 + 0. Suppose 0 = -5*l - 3*r + 5, -3*r + 8 + 15 = -4*l. Let v be (l + 3 + -2)/k. Let y(x) = x**2 + 1. Calculate y(v).
2
Let r(m) = 4*m**3 + 2*m**2 + 4*m**2 - 3*m**3 - m. Let a(l) = l + 2. Let f be a(-8). Calculate r(f).
6
Let l(v) = 3*v - 1. Let k(c) = 14*c - 5. Let b(f) = 6*k(f) - 26*l(f). Give b(-4).
-28
Let j = 4 + -1. Let l be 3 - (0 - 3/j). Let h(a) = -4 + 4*a - 1 - 2*a. Determine h(l).
3
Let d(o) = 4*o - 12*o + 0 - 8 - o**2 + 2. Determine d(-5).
9
Let j(s) = -9*s + 9. Let f(a) = 4*a - 4. Let t(r) = 13*f(r) + 6*j(r). What is t(4)?
-6
Let t(p) be the third derivative of -p**4/8 - p**3/3 - p**2. Let f(d) = d - 2. Let v be f(4). Let y be (4/6)/(v/(-6)). Calculate t(y).
4
Let k(f) = -f**2 - f. Let y(r) = -r**2 - 4*r + 3. Let o(g) = 2*k(g) - y(g). Determine o(2).
-3
Let l = 4 + -3. Let k(a) be the first derivative of -a + a**2 + 1 - a**4 - 2/3*a**3. Give k(l).
-5
Suppose 0 = 5*s + 2*c + 20, 0*s = -3*s - 4*c - 12. Let y = 4 + s. Let v(f) = -f**2 + f + 14. Calculate v(y).
14
Let h(s) = s + 8*s - 8*s. Calculate h(4).
4
Let x(c) = -5 - 6*c**2 - c**3 - 2 + 2. Determine x(-6).
-5
Let b(g) = -g**2 + 8*g + 2. Let i(t) = 2*t**2 - 17*t - 4. Suppose y + 15 = 5*f, y = -0*y + f + 1. Let q(r) = y*b(r) + 2*i(r). Give q(5).
7
Let s(b) be the second derivative of b**3 - 4*b + 0 + 1/2*b**2 + 1/12*b**4. Determine s(-5).
-4
Let z(u) be the third derivative of -1/60*u**5 - 4/3*u**3 - 1/24*u**4 + 0 + 3*u**2 + 0*u. Give z(0).
-8
Let k(c) = c + 1. Let g be -4*2/(0 + 2). Let p be k(g). Let z = 1 - p. Let i(y) = -y + 9. What is i(z)?
5
Suppose 3 + 0 = -g - h, g = 4*h + 12. Suppose g = -5*a - 5. Let z(u) = -7*u**2 + u. Determine z(a).
-8
Let d(j) = -j**2 - 10*j + 2. Let b be d(-10). Suppose -2*f - 3*i = -8, -5*i = b*f - 0*i - 16. Let w(c) = -4*c - 3. Determine w(f).
5
Suppose -2*l + 4*l = 4*z, 4*l = 8. Let m(b) = 2*b. Let v(p) = 2*p. Let n(g) = -5*m(g) + 4*v(g). What is n(z)?
-2
Let w be -3*(2/3 - 1). Let o(p) be the third derivative of p**4/8 + p**3/6 + 2*p**2. What is o(w)?
4
Let r(b) = 5*b**2 - 15*b + 8. Let i(c) = c**2 - c. Let g(t) = 4*i(t) - r(t). Determine g(10).
2
Let x(d) be the third derivative of -d**4/8 - 2*d**3/3 - 2*d**2. Let r = -48 + 45. Determine x(r).
5
Let l(u) be the first derivative of 0*u**3 + 1 + 0*u**2 + 0*u - 1/4*u**4. Let o(q) = -q**3 - 3*q**2 - 1. Let a be o(-3). Give l(a).
1
Suppose -5*r + 6*u = u + 120, 3*u = 4*r + 92. Let c be 2/(-5) - 8/r. Let o(l) = -l**3 + l**2 + l. Calculate o(c).
0
Let k(c) = c + 5. Suppose 3*l = -2*h + 15, -5*h - 3*l = -0*l - 15. Determine k(h).
5
Let s be 2/4 + 22/4. Let c(p) be the third derivative of p**5/60 - p**4/4 + p**3 + 2*p**2. Give c(s).
6
Let l(i) = 8 + 3*i**3 - 3*i**3 + 6*i**2 + i**3 + i. Suppose -5*u + 17 = -2*q, -5*q + 4*u = -u + 35. Calculate l(q).
2
Let x be ((-3)/(-2))/(12/16). Let i(z) = -x*z + 3 + 10*z - z + z**2. Give i(-5).
-7
Let f(u) = u**3 + u**2 + u - 1. Let t(k) = -5*k**3 - 10*k**2 - 12*k + 5. Let j(l) = 6*f(l) + t(l). What is j(5)?
-6
Let f(w) = w**2 + 2*w - 2. Suppose 0 = -4*g - g. Suppose -3*v - 5*n = -28, n + g - 1 = 4*v. Let c(s) = -4*s + 1. Let t be c(v). Determine f(t).
1
Let m = 28 - 30. Let c(z) = -z**3 + 2*z**2 + 2*z - 1. Determine c(m).
11
Let p(d) = -d**2 + 6*d + 19. Let v be p(8). Let q(r) = r**3 - 3*r - 1. Calculate q(v).
17
Let l(m) be the second derivative of -2*m**3/3 + m**2/2 + 2*m. What is l(-3)?
13
Let x(z) = -z**2 - 3*z + 3. Suppose 0 = s - 2*q - 2, -9 = -2*s + q + 7. Suppose 5*p = 3*j + 10, 0 = j + 3*p + 2*p + s. What is x(j)?
-7
Let p(c) = -c + 5. Let h be p(4). Let r(x) = 39*x**3 + 44*x**3 + x - 84*x**3 - 1 + x**2. Calculate r(h).
0
Let l(g) be the second derivative of -g**5/60 + g**4/12 + g**3 - 8*g. Let c(u) be the second derivative of l(u). What is c(2)?
-2
Let s(y) = -y**3 - 6*y**2 - 5*y + 5. Let a be (12/9)/((-2)/6). Let k be (0 - 5)/(2/a). Suppose 4*i + k = -10. What is s(i)?
5
Let p(c) = -c**3 - 10*c**2 - 7*c + 13. Let j = -40 - -31. Determine p(j).
-5
Let s(f) = f. Suppose -2*i = -13*i + 77. Give s(i).
7
Let a(w) be the third derivative of 5*w**4/24 - 7*w**3/6 - 17*w**2. Calculate a(5).
18
Let f be 1 + 1 - (-1 - 0). Suppose 5*p - i - 20 = i, 4*p = -f*i - 7. Suppose 1 - 3 = -p*t. Let m(c) = 4*c. What is m(t)?
4
Let s(l) = 3*l - 3*l + l + 2 - l**2. Suppose 3*q = 2*j + 1, -q + 9 = -5*j - 0. Give s(j).
-4
Let x = 2 + 0. Let t(z) = 4*z - 4*z**3 + 3*z**3 - 2*z**2 + 0 + 4 - 6. Calculate t(x).
-10
Let s(u) = u + 1. Suppose -13*o + 30 = -18*o. Determine s(o).
-5
Let k(g) be the third derivative of -g**5/60 + 5*g**4/12 - 5*g**3/6 - 3*g**2 + 6*g. Give k(8).
11
Let w(i) = i**2 + 5*i - 5. Suppose 0 = m + 5*m + 36. What is w(m)?
1
Suppose 0 = -2*a - 2*a. Suppose 4*u + 5*o = -35, -5*u + a*u = 2*o + 31. Let z(f) = 5*f - f + 0*f**2 - 4 + f**2. What is z(u)?
1
Suppose -8 + 38 = 6*v. Suppose 4*i - v = 7. Let p(q) = 6*q - 3. Let c(r) = 7*r - 3. Let x(y) = 2*c(y) - 3*p(y). Give x(i).
-9
Suppose 0*n + 3*q - 24 = -3*n, 3*n = -q + 30. Let x = n - 6. Let i(l) = -l**3 + 5*l**2 - l + 4. Calculate i(x).
-1
Let t(w) be the third derivative of -w**4/12 - 3*w**3/2 - 3*w**2. Let j(x) = -x. Let n(b) = 3*j(b) - t(b). What is n(8)?
1
Let k(s) = -8*s + 1. Let m be 8/(-12) - (-8)/3. Suppose -7 = -m*b + 5*a - 2*a, 1 = -a. Suppose -4*w - w + 11 = -4*u, b*u = 2*w - 4. Determine k(u).
-7
Let d(i) = 2*i - 7. Let j(b) = -b + 7. Suppose 15 + 3 = 3*a. Suppose 5*o - 3*o = -a. Let k(v) = o*j(v) - 2*d(v). Determine k(-5).
-2
Let a(b) = -14*b + 5 + 0*b + 0*b. Let j(m) = -5*m + 2. Let c(f) = -3*a(f) + 8*j(f). Let d = 5 + -7. Calculate c(d).
-3
Suppose 0 = -7*s - 0 - 21. Let d(p) = p**3 - 5*p - 2. Give d(s).
-14
Suppose -2*v + b + 14 = -v, -16 = 4*b. Let x(y) = y**2 - 10*y - 8. Calculate x(v).
-8
Suppose p - 1 = 1. Let j(q) = -p*q + q**2 + q + 6*q - 1. Determine j(-4).
-5
Let h(i) = i**3 + 6*i**2 - 8*i - 10. Let z be h(-7). Let d be ((-4)/(-6) + -1)*z. Let q(x) = 5*x**2 + x. What is q(d)?
6
Let u(j) = j**2 - 2*j - 7. Let z = 9 + -4. Calculate u(z).
8
Let z = -3 + 7. Let i(f) = f**3 - f**2 - f + 1. Let u(n) = 6*n**3 - 8*n**2 - 9*n + 8. Let w(a) = -5*i(a) + u(a). Give w(z).
3
Let o(z) = -5*z**2 + z - 9. Let a(d) = 3*d**2 - d + 6. Let k(i) = 8*a(i) + 5*o(i). What is k(-3)?
3
Let k = 117 + -128. Let c(g) = g**2 + 10*g - 6. What is c(k)?
5
Let u(t) = -2*t**3 + 2*t**2 + 6*t - 1. Let g(p) = -p**3 + p - 1. Suppose 0 = -2*n - 3*s - 5 - 2, 2*n - 3*s - 11 = 0. Let x(l) = n*u(l) - 4*g(l). What is x(-2)?
-9
Suppose 2 = 3*l - 2*l. Let m(z) = 3 + 2*z - 2 + z**l - 2*z**2. Suppose 4 = q + 2. What is m(q)?
1
Let s(j) be the first derivative of 4 + 1/2*j**2 + j. Calculate s(-5).
-4
Let x(b) = -b**2 + 5*b + 1. Let h = -8 - -12. Suppose 3*q = h*q + 4. Let d be 4/(2/q*-2). Calculate x(d).
5
Let a(c) = -c + 1. Let d(f) = 8*f - 1. Let m(t) = -9*t + 1. Let w(i) = -3*d(i) - 2*m(i). Let l(h) = 4*a(h) - w(h). Give l(-6).
-9
Let u(k) = k**2 + 10. Let g = 2 - 2. Let z be u(g). Let w(o) = -z - o - 4*o + 6*o. Give w(5).
-5
Suppose -5 = -4*p 